- 44).
28
Calculate (35 - 28) + (10 + -4 - (-1 - 0)).
14
Calculate (10 + (-5 - -1) - 1) + -5 + -16.
-16
Calculate 5 + (-7 - -7) - (10 + -6 + 7).
-6
What is -73 + 117 + -80 - ((-3 - -1) + -1)?
-33
Calculate -7 - (-15 + 13 - 4).
-1
Calculate 11 + (2 - (3 + 15)).
-5
What is the value of 17 - (20 - (-12 + 14))?
-1
Evaluate -3 + (9 - (-3 - 7)) + -10.
6
What is the value of -15 + 1 + (-16 - -18) - -5?
-7
Evaluate (-45 + 39 - -8) + 9 + 1.
12
What is 8 + (12 + -10 - (7 - 1))?
4
16 - (-14 - -7) - (14 - (-5 - -18))
22
Calculate (-18 - (20 - 27)) + (5 - 1).
-7
What is the value of -30 + 13 + (-25 - (-25 + 11))?
-28
Calculate -1 + 13 - (10 + -12 + -6 + 3).
17
Calculate 4 + ((1 - 2) + -8 - 12).
-17
What is the value of (3 - (6 + -8 + 3)) + -6 - 8?
-12
-2 + -14 + 24 - (23 - 3)
-12
Calculate 11 + -25 + -6 + 32.
12
Evaluate -12 + (-36 - -22) + 5.
-21
Evaluate (-1 - -9 - 18 - -1 - 14) + 3.
-20
Evaluate -23 - (-23 + 15 + -12) - (1 - -8).
-12
Evaluate (-77 - -20) + -25 - -46.
-36
Calculate (-4 - (-1 - 5)) + -9 + -2.
-9
What is 9 - (5 - 3) - (28 + -14)?
-7
What is 1 + -14 - ((-64 - -12) + 43)?
-4
(-7 - -17) + 4 + -14
0
What is the value of -1 - -14 - (-25 + 11 - -22)?
5
(-43 - 1) + 18 - -26
0
What is (-3 - -11) + 5 + -8 - 6?
-1
What is 25 - (-3 + (15 - -27))?
-14
What is the value of -43 - -47 - (1 - -2)?
1
Evaluate 26 + -15 - 23 - -20.
8
1 - (-4 + 6) - (-5 + 8 + 3)
-7
Evaluate 0 - (6 - 3) - (4 - 7).
0
What is -2 - -5 - (-57 + 61) - 10?
-11
What is the value of 634 - 658 - (0 - 10 - 3)?
-11
Calculate -16 - ((-13 - -23 - 10) + (-7 - 0)).
-9
Calculate 3 + -17 + 23 + 5 + (-1 - -1).
14
What is 30 - (33 - (23 + -8))?
12
What is (-1 - 5) + (2 + 5 + -21 - -9)?
-11
Calculate -15 + -7 - (-36 + 26).
-12
Calculate (-34 - 2) + (10 - -3) + 6.
-17
Evaluate 29 + 42 + -22 + -46.
3
What is the value of (-28 - (23 - 33)) + 40?
22
Calculate (-1341 - -1334) + ((2 - 2) + -2 - -18).
9
-24 - (-8 - 15) - (-7 - 1 - 2)
9
24 - ((-26 - -55) + -8)
3
Evaluate (44 - (1 + 18)) + -16.
9
Calculate 7 + (-1 + -13 - (64 - 66)).
-5
What is 37 - (-73 + 99) - (0 + -7)?
18
What is the value of 9 - (0 + 7) - (2 - (4 + 0))?
4
0 + 0 + (-131 - -139)
8
0 + (68 + -68 - (-14 - -2))
12
-10 + 12 + 9 + -10
1
What is 19 + 1 + -12 + 2?
10
What is -5 + (19 - 36 - -36)?
14
15 - 12 - 12 - -3
-6
Evaluate (-76 - -62) + (-2 - -2) + 30.
16
What is 22 + -16 + 2 + 3?
11
10 - (-95 + 111 + 3 + -8)
-1
Calculate 1 - 2 - ((-1 - (5 - 5)) + 6).
-6
What is (1 + 0 - 8) + -8?
-15
(-4 - (0 - (0 + -4))) + (-103 - -125)
14
-13 + (9 - (-4 - -18)) - (-1 - 5)
-12
Calculate -12 - (-35 - (-1 - (-12 - -13))).
21
Evaluate (-41 - 1) + 24 + 1.
-17
Evaluate -2 + -6 - (-18 - -1) - (6 - 8).
11
What is 173 + -170 - (2 + -4 - 1)?
6
Evaluate -24 - ((1 - 3) + (-33 + 20 - -9)).
-18
Calculate (-9 - -1) + 13 + -11 + (32 - 0).
26
Calculate (18 + -5 - 17) + 3.
-1
What is the value of 23 + 2 + 561 + -574?
12
(0 - 2) + (-28 - -31) + -13
-12
Evaluate -14 + 20 + 1 + (0 - 6) - 9.
-8
Calculate (12 - 10 - -8) + (-4 - -14).
20
What is the value of (-67 - -41) + (-3 - 3 - -16)?
-16
Calculate (-4 - 5) + 3 + 10 + -9 + 2.
-3
What is the value of -14 + (18 + (-7 - 6) - (5 - 1))?
-13
What is -1 + -10 - (90 + -110)?
9
Calculate 26 + (-10 - -5) - -5 - 9.
17
11 + -24 - 11 - -8 - -5
-11
What is the value of 29 - (-16 - -15) - 38?
-8
-3 + 7 + (8 + -12 - -3) + -16
-13
What is 0 - -9 - (-36 + 17 - -25) - 25?
-22
Evaluate 1 - -1 - -2 - (1 + (-2 - -7)).
-2
Evaluate 3 - (-13 + (-9 - -30)).
-5
Evaluate -30 - (-18 + (1 - 1)).
-12
What is the value of -3 - ((4 - 7) + (17 - -3))?
-20
-6 + 2 + (1 - (4 + -1)) + 5
-1
(34 - 42) + (29 - -3) + -3
21
What is the value of 46 + -20 + -2 + -42?
-18
Evaluate -2 + 11 + -14 + -5.
-10
Calculate (-18 + 6 - 3) + 8 + (-4 - -15).
4
Calculate 13 - (3 + -1 - (13 - 19)).
5
Calculate (-10 - (-24 - -39)) + 13.
-12
Evaluate -14 + (-3 + (-7 - -8) - (-2 + -2)).
-12
What is the value of (6 + -7 + -3 - -2) + 1 + 5?
4
-51 - -46 - ((-4 - 0) + (3 - 20))
16
Calculate -1 + ((5 - (6 - 2)) + 5 - 17).
-12
What is -7 + 3 + (7 - 5) - (17 + 0)?
-19
-7 - (2 + (9 - 14))
-4
Evaluate -10 - (3 + 1 + -2 + (-2 - 2)).
-8
What is (1 - (2 + 1 + -9)) + 3?
10
Evaluate (19 - (-26 - -35)) + -32.
-22
What is the value of 0 + -7 + -15 + (-18 - -27)?
-13
What is the value of 4 - (0 - (-4 - 1 - -7))?
6
What is the value of 21 + 17 + -26 + (0 - (-2 - 1))?
15
Evaluate (10 - (8 - 10) - 20) + 17.
9
What is the value of (-4 - -9) + 8 + -4 + -27 + 5?
-13
-189 + 211 - (-2 + 10)
14
Evaluate (0 - -6) + -4 + -8 + 2 + 15.
11
What is the value of (-13 - 9) + 11 - -12 - 12?
-11
Evaluate 22 + -26 - (-13 + -1 + 4).
6
Evaluate -25 + (-25 - -32) + 23.
5
Evaluate -12 + (0 + 9 - 6) - -28.
19
What is the value of (-10 - 15 - -6) + 38?
19
(-1 - (3 + -6)) + 5 + -3 - 4
0
(3 - -2) + (19 - 11) + -8 + -6
-1
What is the value of (-7 + 13 - -12) + -19?
-1
Calculate (-7 - 0 - -18) + -7.
4
Evaluate 33 + -6 - 36 - (-2 + 6 - -1).
-14
What is 18 + -4 + 3 + (-4 - -20) + -9?
24
What is the value of -26 - (-9 - (-6 + 12))?
-11
Evaluate (19 - 17) + (-10 - (2 - 2) - -3).
-5
What is the value of 2 - ((-15 - -2) + 8)?
7
Calculate 16 + 3 + -12 + -19.
-12
What is the value of -10 + -2 + 122 + -111?
-1
What is -15 + 0 + 0 + -25 + (-74 - -102)?
-12
(-5 + -6 - -9 - 24) + -3 + -1
-30
Calculate 32 - (-13 - (-22 - -1)).
24
What is (2 - -3) + (-22 - 5 - -37)?
15
What is -14 + 5 + (-4 + 0 - -4)?
-9
-6 - (16 + -8 - 7)
-7
What is (-12 - (18 + -11)) + 8?
-11
Evaluate -2 + 4 - (15 + 1 + -10 + -15).
11
Evaluate 22 + -10 - (8 + 7).
-3
Calculate (-7 - (11 + -16)) + -17.
-19
Calculate (-24 - (27 + -49)) + (2 - (-11 - 2)).
13
What is the value of 2 + 1 + -8 + 1128 + -1108?
15
Evaluate (7 - (13 + -7 - 4)) + -2.
3
Evaluate 0 - 34 - (611 - 606).
-39
Calculate (-1 - 5) + 7 - (10 - 5).
-4
Calculate 0 + -14 + 18 + -8 + 1 + -5.
-8
Evaluate 70 - (-39 + 38 - -34).
37
What is the value of (-16 - (11 + -21)) + 2 + 3 + -8?
-9
Evaluate -14 + 12 + -12 + 25.
11
What is the value of 0 + 12 + -10 + 13?
15
Evaluate ((-5 - 0) + 7 - 3) + -5.
-6
-1 + 7 + -12 + 13 + (17 - 18)
6
Evaluate 11 + (2 - (20 - 9)) - (-11 - 2).
15
Evaluate -1 - 11 - (-4 + 29 + -25).
-12
41 + -32 + (-12 - -1 - (-3 + -1))
2
14 - (22 - 13) - 10
-5
Calculate -2 + 50 + (1372 - 1379).
41
What is the value of 2 - (-11 + 2 + 16 + (-16 - -1))?
10
What is -465 + 464 - (34 + -2 + -2 + 2)?
-33
Calculate (21 - 11 - 20) + (-4 - (-38 - 0)).
24
What is 5 - (-9 - -18 - (-1 + 4 + -9))?
-10
Calculate 24 - ((261 - 252) + 0 + 5).
10
Evaluate 1 + -28 - ((-5 - 12) + 2).
-12
What is -129 + 122 + 1 + 23 - 7?
10
What is the value of 10 - (3 + (-13 - (10 - 28)))?
2
Evaluate (-2 + 4 - (-93 - -125)) + -4 + 6.
-28
What is 6 + 29 + -6 + -1 + (-8 - 1)?
19
What is -7 + -5 + 9 - (-49 - -37)?
9
What is the value of 14 + 5 + -15 - (8 + -6)?
2
What is -4 - (-11 + 14 - 26)?
19
-43 + 17 - -20 - (-2 + -1 + 22)
-25
-40 - (25 + (-74 - -12))
-3
Calculate -5 + -7 + (13 - 1 - (17 - 11)).
-6
Evaluate (2 - (-2 - -21)) + (56 - 58 - 5).
-24
-10 + 12 + 0 - 2
0
Calculate (0 - 10) + 12 + -4 - -10.
8
Calculate -34 - (-33 + 15 + -9).
-7
What is -15 - 7 - (16 + -23)?
-15
Evaluate -7 + 15 + 0 + -5 - -5.
8
Evaluate -1 - (2 + (19 - 27)).
5
What is 0 + -1 + 3 + (11 - 21) + 7?
-1
15 - (1 + 6) - (1 + 23)
-16
-13 + (-9 + -6 - -20) - 2
-10
Calculate (13 - -2) + (33 - 53 - 30).
-35
Calculate -19 + 17 + -9 + 1 - -7.
-3
Calculate -4 - (14 + 11 - 30).
1
Evaluate -17 + (8 - (-3 + 3 - 8 - -18)).
-19
What is 10 - 10 - -11 - 2?
9
Calculate (9 - 1) + 21 + -8 + -8 - 0.
13
What is 10 + (-30 - -27) + (1 + -6 - 1)?
1
What is (-7 - (11 + -29)) + (-7 - (3 + -6))?
7
1 - 3 - (-12 - (11 + -11 - 11))
-1
-1 + 43 + -286 + 260
16
What is 8 - (7 + 5 - (2 + 7))?
5
What is -24 + -16 + -18 + 31?
-27
-8 + (14 - ((11 - 28) + 32))
-9
Evaluate 3 + (13 + -7 - -2) - 2.
9
Calculate 0 + -12 - (-57 - (-30 - -8)).
23
-2 - 1 - (-33 + 36)
-6
Calculate (11 - (9 + -8)) + -1.
9
Calculate (-10 + -1 - (3 + -13)) + (-2 - -17).
14
What is 26 + (-25 - -5 - -6)?
12
(-4 - (7 + 0)) + 12
1
Evaluate 4 + (7 - (-3 + 4)) + -6 + -24.
-20
What is the value of (9 - (35 - 11)) + 20?
5
What is the value of (0 - -1) + (-1 + (9 - 8) - -5)?
6
Calculate 26 + -38 + (0 - -9) - (2 + -15).
10
Evaluate 5 + 0 + -1 + 673 + -670 + -1.
6
-1 - 1 - (11 - (7 + 0))
-6
What is -1 - 23 - (262 - 315)?
29
What is 34 + (-30 - -27) 